Let z(i) = 19*i**2 - 2*i + 3. Calculate z(1).
20
Let z(s) = 21*s - 4. Determine z(-3).
-67
Let q(z) = -5*z. Calculate q(-4).
20
Let k(v) = v**3 - 6*v**2 + 4*v + 3. Give k(4).
-13
Let d(n) = n**3 + 6*n**2 - 6*n - 3. Give d(-6).
33
Let u(i) = 58*i - 367. Give u(6).
-19
Let t(i) = -i**3 - 9*i**2 + i - 10. Calculate t(-9).
-19
Let y(k) = k**3 + 19*k**2 + 18*k - 17. Determine y(-18).
-17
Let b(u) = 3*u**2 - u - 14. Calculate b(-7).
140
Let f(h) = -h**2 - 3*h - 1. What is f(-2)?
1
Let b(i) = -5*i**2 + 49*i + 4. Calculate b(10).
-6
Let v(o) = o**3 + 8*o**2 - 33*o - 29. Give v(-11).
-29
Let b(w) = w**2 - 22*w - 25. Give b(22).
-25
Let s(l) = -l**2 - 6*l - 1. Determine s(-4).
7
Let m(i) = -i**2 - 10*i - 24. Determine m(-6).
0
Let s(g) = -g**2 - 13*g - 35. Calculate s(-9).
1
Let d(r) = -r**3 + 22*r**2 - 22*r - 31. Determine d(21).
-52
Let r(b) = -2*b**3 - 10*b**2 + 26*b. Calculate r(2).
-4
Let i(g) = g**3 + 7*g**2 + 10*g + 20. What is i(-5)?
20
Let v(z) = -4*z - 36. What is v(-7)?
-8
Let a(k) = 2*k + 16. Determine a(-10).
-4
Let f(p) = p**2 + 6*p - 8. Determine f(-6).
-8
Let i(y) = y**3 + 6*y**2 - 6*y + 12. Give i(-7).
5
Let o(v) = v**3 + 3*v**2 + 2*v + 7. What is o(-3)?
1
Let b(w) = -w**3 + 16*w**2 + 56*w + 10. Give b(19).
-9
Let b(k) = 5*k + 61. Calculate b(-20).
-39
Let j(i) = -i**3 + 7*i**2 + i - 2. Give j(7).
5
Let c(b) = -2*b**3 + 64*b**2 - 63*b + 45. What is c(31)?
14
Let m(o) = 3*o**2 - 8*o - 8. Calculate m(8).
120
Let a(l) = 101*l + 2. Give a(-1).
-99
Let n(z) = z**3 - 2*z**2 - z - 5. Calculate n(3).
1
Let a(q) = q**3 - 8*q**2 - 11*q - 5. Calculate a(9).
-23
Let w(n) = 9*n + 15. Give w(-2).
-3
Let o(j) = -17*j + 3. What is o(-1)?
20
Let u(z) = z**3 + 6*z**2 + z - 8. Calculate u(-6).
-14
Let y(q) = -8*q - 4. What is y(4)?
-36
Let c(d) = -6*d - 27. Calculate c(-5).
3
Let k(d) = -d + 68. Give k(9).
59
Let z(i) = -4*i - 24. Calculate z(-5).
-4
Let u(f) = -f**3 + 8*f**2 - 28*f + 11. Give u(3).
-28
Let c(k) = 3*k - 8. Determine c(3).
1
Let j(c) = -2*c + 8. Determine j(7).
-6
Let i(x) = -x**2 - 29*x - 179. Give i(-8).
-11
Let b(k) = k**2 + 25*k + 31. What is b(-22)?
-35
Let x(h) = 2*h**3 - 5*h**2 + 8. What is x(4)?
56
Let q(r) = r**3 + 17*r**2 + 29*r - 2. Determine q(-15).
13
Let l(h) = -h**3 - h**2 + h + 2. Calculate l(2).
-8
Let v(l) = -2*l + 3. What is v(-11)?
25
Let t(u) = -26*u - 182. Give t(-7).
0
Let i(p) = -36*p + 181. Calculate i(5).
1
Let a(l) = -l**3 - 5*l**2 + 17*l + 12. Calculate a(-7).
-9
Let d(c) = c**3 - 30*c**2 - 62*c - 7. Determine d(32).
57
Let h(s) = s**2 - 5*s + 2. Give h(-3).
26
Let s(w) = -15*w. Calculate s(-3).
45
Let t(q) = q - 19. Calculate t(14).
-5
Let w(v) = -v**2 - 8*v + 6. What is w(-8)?
6
Let x(a) = a**2 - 32*a + 187. Give x(25).
12
Let a(q) = -2*q**3 + q. Calculate a(1).
-1
Let d(l) = -l**2 + 3*l + 2. Determine d(-2).
-8
Let d(f) = f**2 - 12*f + 13. Determine d(8).
-19
Let b(a) = a**2 + 5*a - 62. Calculate b(5).
-12
Let q(d) = d**2 + 3*d - 10. What is q(-4)?
-6
Let m(g) = g**3 + 11*g**2 + 19*g + 4. Determine m(-9).
-5
Let s(o) = -6*o - 24. What is s(-6)?
12
Let t(z) = 135*z**2 - z. Give t(-1).
136
Let s(n) = -6*n - 2. Determine s(-1).
4
Let r(y) = 2*y**2 + 3*y - 3. Determine r(-2).
-1
Let f(c) = c**2 + 10*c + 26. Give f(-11).
37
Let i(t) = -5*t**2 - t - 1. What is i(-1)?
-5
Let d(k) = k**3 + k**2 + 3*k + 19. Determine d(-3).
-8
Let p(h) = 2*h + 16. Give p(9).
34
Let l(j) = 9*j - 31. Give l(14).
95
Let g(l) = -5*l + 5. Give g(6).
-25
Let l(b) = -3*b - 31. Give l(-15).
14
Let z(j) = -3*j**2 + 4*j - 5. Determine z(2).
-9
Let c(i) = i**3 + 6*i**2 - 9*i - 17. Determine c(-7).
-3
Let g(v) = 2*v**2 + 3*v - 1. Determine g(-5).
34
Let k(r) = r**2 + 15*r. Determine k(-14).
-14
Let p(q) = q - 31. Calculate p(23).
-8
Let d(r) = r**3 - 27*r**2 + 27*r - 19. Calculate d(26).
7
Let k(f) = f**3 - f**2 - 5*f - 5. Give k(-3).
-26
Let d(l) = -30*l - 24. Give d(-3).
66
Let a(g) = -g**3 - 37*g**2 - 72*g - 29. Calculate a(-35).
41
Let g(s) = 6*s - 25. What is g(6)?
11
Let u(h) = 2*h**2 - 11*h - 5. Give u(7).
16
Let k(g) = -g**2 - 4*g + 63. Determine k(-10).
3
Let o(q) = 3*q**2 - 44*q + 83. Determine o(2).
7
Let f(x) = -4*x + 22. Give f(7).
-6
Let j(b) = -23*b - 4. Determine j(2).
-50
Let i(o) = 13*o + 15. Give i(-6).
-63
Let x(m) = -8*m - 4. Give x(-3).
20
Let c(s) = s**2 + 8*s + 14. What is c(-7)?
7
Let z(o) = 3*o**2 + o - 7. What is z(-3)?
17
Let c(i) = -3*i**2 - 2*i + 19. Give c(0).
19
Let y(f) = 2*f - 19. What is y(12)?
5
Let q(s) = -s**2 - 14*s + 17. Calculate q(-13).
30
Let l(j) = -2*j**3 - 2*j**2 + j - 3. What is l(-4)?
89
Let s(k) = 35*k + 105. Calculate s(-3).
0
Let f(o) = 14*o - 1. What is f(2)?
27
Let b(y) = -y**3 - 3*y**2 - 5*y - 4. What is b(-2)?
2
Let o(v) = v**3 + 8*v**2 - 10*v + 6. Determine o(-9).
15
Let r(z) = 4*z. Determine r(1).
4
Let l(a) = 2*a - 1. Give l(-2).
-5
Let s(z) = z**2 - 14*z + 53. Give s(4).
13
Let z(g) = -2*g + 11. Calculate z(-6).
23
Let l(k) = -13*k - 56. Give l(-4).
-4
Let b(n) = -2*n**2 - 17*n + 5. Determine b(-9).
-4
Let u(c) = -c**3 + 2*c**2 - 2*c + 4. Determine u(3).
-11
Let u(q) = 2*q**2 - 17*q + 14. What is u(8)?
6
Let a(n) = -n**2 + 5*n + 23. Determine a(7).
9
Let u(f) = -f**2 + 8*f + 279. Give u(-13).
6
Let n(r) = 45*r + 226. What is n(-5)?
1
Let y(b) = 2*b - 3. Give y(-10).
-23
Let x(c) = -c**3 + 49*c**2 - 138*c + 2. What is x(3)?
2
Let i(n) = -n**2 - 10*n - 18. Calculate i(-5).
7
Let l(x) = -x**3 - 4*x**2 + 9*x - 4. Determine l(-7).
80
Let b(f) = 2*f**3 + 17*f**2 + 6*f - 2. Determine b(-8).
14
Let u(k) = -k**2 - 9*k + 21. What is u(-16)?
-91
Let r(z) = z**3 + 8*z**2 + 8*z + 6. Determine r(-6).
30
Let w(r) = r - 25. Determine w(17).
-8
Let i(p) = -20*p**3 - 3*p**2 + 8*p - 4. Determine i(2).
-160
Let f(y) = -y**3 - 6*y**2 - 4. Calculate f(-6).
-4
Let y(p) = p**2 - 7*p - 16. Calculate y(10).
14
Let s(h) = -4*h - 12. Determine s(-8).
20
Let j(z) = -z**2 - 17*z - 49. Calculate j(-3).
-7
Let k(c) = c**2 + 5*c - 9. Calculate k(-7).
5
Let g(m) = -m**2 + 19*m - 93. Give g(9).
-3
Let x(u) = -7*u - 129. Give x(-16).
-17
Let f(w) = w**2 + 16*w + 8. What is f(-14)?
-20
Let o(x) = 43*x - 352. Calculate o(8).
-8
Let s(p) = -5*p - 11. Determine s(-2).
-1
Let p(j) = j**3 + 20*j**2 - 74*j - 29. Calculate p(-23).
86
Let d(x) = 3*x - 53. Give d(9).
-26
Let i(o) = -4*o**2 + 9*o + 1. Give i(6).
-89
Let j(p) = -p**3 - 28*p**2 + 28*p - 33. Give j(-29).
-4
Let c(y) = y + 6. Determine c(-6).
0
Let k(u) = -2*u + 5. Give k(4).
-3
Let r(g) = -g**2 - 8*g + 1. What is r(-8)?
1
Let v(y) = -2*y**2 - y + 1. Give v(3).
-20
Let u(w) = -9*w - 35. Calculate u(-7).
28
Let r(w) = w**2 - 2*w + 2. Give r(3).
5
Let r(l) = -6*l + 49. Determine r(7).
7
Let q(s) = -s**3 + 10*s**2 - 9*s - 2. What is q(9)?
-2
Let z(o) = 7*o**2 - 2*o - 3. What is z(2)?
21
Let v(r) = 2*r**3 + 20*r**2 - 2*r - 17. What is v(-10)?
3
Let b(p) = p**3 - 3*p**2 + 3*p - 1. Give b(3).
8
Let k(i) = 2*i**2 - 26*i - 2. Give k(12).
-26
Let k(w) = w**3 + w**2 - 5*w + 13. Calculate k(-4).
-15
Let l(u) = -u**3 - 6*u**2 + 16*u + 3. Determine l(-8).
3
Let q(d) = -3*d**2 + 42*d + 2. Give q(14).
2
Let r(m) = -m**3 + 3*m**2 + 55*m - 2. Give r(9).
7
Let v(a) = -a**2 + 3*a + 5. Give v(0).
5
Let u(k) = k**2 + k - 1. Determine u(-5).
19
Let l(a) = -4*a + 46. Calculate l(-22).
134
Let o(z) = -z**2 + 8*z + 6. What is o(10)?
-14
Let u(o) = o**3 + 3*o**2 - 12*o - 1. Determine u(-5).
9
Let i(s) = -2*s + 9. What is i(-10)?
29
Let n(p) = 26*p. Give n(-2).
-52
Let k(u) = u. What is k(2)?
2
Let y(n) = n**2 + 3*n - 9. Give y(-8).
31
Let k(r) = -2*r + 38. Give k(17).
4
Let d(q) = q**2 + 3*q - 26. Calculate d(4).
2
Let t(b) = -b**3 - 6*b**2 - 5*b + 10. What is t(-7)?
94
Let k(g) = -g**2 + 9*g - 13. Calculate k(6).
5
Let d(z) = z**2 + 20*z + 41. Calculate d(-18).
5
Let m(f) = f**3 + 6*f**2 + 2*f - 15. Give m(-4).
9
Let f(c) = 4*c**2 - 6*c - 10. Determine f(6).
98
Let q(f) = 11*f - 21. Give q(3).
12
Let f(c) = -4*c**3 - c**2 + c. What is f(1)?
-4
Let f(h) = -7*h - 3. Calculate f(-3).
18
Let x(t) = -t**2 + 5*t + 2. Give x(4).
6
Let z(a) = 7*a - 8. What is z(-2)?
-22
Let s(n) = -n - 2. Determine s(5).
-7
Let p(l) = -l**3 + 8*l**2 + 11*l + 7. Give p(9).
25
Let f(q) = 10*q + 21. Give f(-8).
-59
Let d(z) = 2*z**2 - 17*z + 12. Give d(7).
-9
Let x(q) = 3*q**3 - 14*q**2 - 7*q + 12. Give x(5).
2
Let z(x